 + 6*w + 2. Calculate q(z).
-6
Let d(a) = a**3 + 40*a**2 - a - 25. Let c be (5/(-3))/(((-21)/140)/(342/(-95))). Calculate d(c).
15
Suppose -3*g + 13 + 416 = 4*z, 4*g + 5*z = 572. Let f = 139 - g. Let a(m) = -4*m**2 + 5*m**2 - 65*m + 70*m + 2. Give a(f).
-2
Suppose 4*t = 40 - 36. Let b(d) = 9*d**2 + 3*d - 1. Determine b(t).
11
Let o be ((-50)/20)/(-1*5)*6. Suppose -4*k - 3*i - 13 = 0, 8*k = o*k + 3*i - 50. Let v(g) = g**2 + 6*g. What is v(k)?
7
Let p be (-114)/(-18) - (-6)/9. Let s(u) = -9*u + 24*u - p*u - 9*u + 3. What is s(10)?
-7
Let y(g) = 2*g**3 + 11*g**2 - 36*g - 210. Let x be y(-5). Let f(d) = d**3 + 3*d**2 - 6*d + 6. What is f(x)?
-14
Suppose -k + 4 = 17*v - 14*v, -2*k - 8 = -2*v. Let a(h) = 11*h - h**3 - 6 + 5*h**v + 0*h**3 - 5*h + 0*h**2. Calculate a(4).
34
Let h(s) = -9*s**3 + 8*s**2 - 6*s + 11. Let t(w) = 7*w**3 - 5*w**2 + 7*w - 10. Let d(n) = -4*h(n) - 5*t(n). Give d(9).
69
Let r(h) be the second derivative of -h**7/252 + h**6/720 + h**5/120 - h**4/6 + 13*h**3/6 - 2*h + 15. Let d(z) be the third derivative of r(z). Calculate d(-1).
-10
Suppose 2*j - 3*j = 4. Let k(i) be the first derivative of i**3/3 + 5*i**2/2 - 7425. Give k(j).
-4
Let b(h) = h**3 - h**2 - 9. Let a = 15411 - 15334. Let m = 1 - 1. Suppose -84*q + a*q = m. Calculate b(q).
-9
Let p(v) = v**2 - 10*v - 6. Let s be (-110)/(-8) + (63/(-12))/7. Give p(s).
33
Let g(j) be the third derivative of 1/3*j**4 - 75*j**2 + 1/60*j**5 - 1 - 2/3*j**3 + 0*j. Let f(w) = -4*w**3 - 2*w**2 + 2*w - 1. Let p be f(1). What is g(p)?
-19
Suppose 117*z = 128*z - 525*z + 1542. Let n(h) be the first derivative of h**3 - 3*h**2/2 + h - 1. Calculate n(z).
19
Let d = -110287 - -110294. Let g(j) = 2 - 1 + 7 - 3*j. Determine g(d).
-13
Let i(x) = 19*x + 14*x + 21*x + 33*x - 86*x. Determine i(-12).
-12
Let u(d) be the first derivative of -7/2*d**2 - 3*d + 2/3*d**3 + 73. Let w(z) = 2*z - 10. Let s be w(8). What is u(s)?
27
Let t be 38/(-361) + (-154)/(-19). Let d = -5 - -11. Let l(a) = -a**3 + 9*a**2 - 8 + 5*a - 5*a - d*a. Determine l(t).
8
Suppose 88 = 27*j - 6*j + 23*j. Let k(p) be the third derivative of p**5/60 - p**4/12 + p**3/2 + p**2. Determine k(j).
3
Let t(r) = 13*r - 48. Let k be (-40)/12*(66/(-5))/11. Calculate t(k).
4
Let t(a) be the third derivative of 0*a - 1/24*a**4 - 1/60*a**5 + 0 + 1/6*a**3 - 31*a**2. Give t(-2).
-1
Let z(d) be the third derivative of d**4/6 - 3*d**3/2 + d**2. Suppose 2496 = 151*v - 34*v + 195*v. Calculate z(v).
23
Let y = -2943 - -2946. Let x(r) = 5*r - 10. Calculate x(y).
5
Let i(a) = -4*a**2 + a. Suppose -37*g - 19 = -36*g. Let z be -4*(g/(-4) + -5). Give i(z).
-3
Let u(m) = 0*m**2 + 6177*m**3 + 2*m - 3089*m**3 + 0*m**2 - 1 - 3089*m**3. Let w = -4 + 6. Give u(w).
-5
Suppose 1 + 1 = a. Let s = a + 7. Let f(w) = 864821 + 9*w - 432420 - 432397 - w**2. Determine f(s).
4
Let w(n) = n**3 + 2*n**2 - 5*n - 1. Let c(a) = -5*a**2 + 29*a + 1. Let d be c(6). What is w(d)?
-51
Let k(p) be the first derivative of -21*p**2/2 - 6*p - 2205. Give k(-1).
15
Let o(r) be the third derivative of r**4/6 - r**3/3 - 248*r**2. Let i(t) = -17*t + 9. Let c(f) = -2*i(f) - 9*o(f). Determine c(5).
-10
Let j be (-7)/56*(-5 + -1 + 5 - 1). Let y(g) be the first derivative of 1/3*g**3 - 2*g + j*g**4 + 0*g**2 - 28. Determine y(0).
-2
Let s(k) be the third derivative of -1/720*k**6 + 1/40*k**5 + 0*k**3 - 25*k**2 + 0 + 0*k + k**4. Let u(f) be the second derivative of s(f). Calculate u(-3).
6
Let q be (-1)/((-1)/12*2). Let x(p) = 6*p + 1. Let a(y) = 7*y. Let j(l) = q*x(l) - 5*a(l). Let d be 10 - 11 - (60/40)/(6/8). Calculate j(d).
3
Let v(f) = -1. Let g(s) = -3*s + s - 4572 + 4574. Let i(p) = -g(p) + 2*v(p). Determine i(0).
-4
Let j = 0 + 1. Let u(t) = 21*t - 40*t + 28*t + 5 + 23*t**2. Let z(g) = -11*g**2 - 5*g - 3. Let p(y) = 4*u(y) + 7*z(y). What is p(j)?
15
Let c(n) = 6 + 14 + 17 - n - 42 + 11. Determine c(-4).
10
Suppose -4549 = 7*w - 4570. Let l(q) be the first derivative of 1 + 1/4*q**4 - 3*q - 7/3*q**w + q**2. What is l(7)?
11
Let i(h) = -14*h - 1. Suppose -29*j + 28 = -25*j. Suppose 53 - 39 = j*f. Calculate i(f).
-29
Let x(u) = -u**3 + 2*u**2 + 5*u - 5. Let b(d) = 50*d - 148. Let t(h) = -h**3 - 23*h**2 - 78*h - 35. Let s be t(-19). Let v be b(s). Calculate x(v).
5
Suppose 52*c - 54*c + 4 = 0. Let h(b) = 5*b + 20*b**c - 25*b**2 - 8 + 0*b - b**3. Calculate h(-6).
-2
Let b(z) = z**3 + 10*z**2 - 6*z - 53. Let i be b(-10). Let k(y) = 0*y + 9 - 5*y + 2*y**2 - 10*y**2 + y**3 + y + 8*y. Give k(i).
-12
Let w(i) be the first derivative of 12*i**2 - 193*i - 6852. Give w(7).
-25
Let w(j) = -j**3 + 5*j**2 - 6*j + 19. Let v be (-138)/(-115)*(-40)/(-12)*1. Give w(v).
11
Let n(c) be the second derivative of -c**6/720 + c**5/12 + 19*c**4/4 + 18*c. Let a(t) be the third derivative of n(t). What is a(6)?
4
Suppose -16*a = 31*a - 38*a + 90. Let n(t) = -t**3 - 9*t**2 + 5*t - 44. Determine n(a).
6
Let n be 380/(-10) + 3/6 + (-44)/(-8). Let l(i) = -3*i**2 - 95*i + 36. What is l(n)?
4
Let b(w) = 0 + 3*w**2 - 4*w**2 - 115 - 66 - 41*w + 36. What is b(-37)?
3
Let a(k) = -2*k - 9. Let z = 22 + -34. Let w be (z/(-10))/(36/(-270)). Let x be (21/w)/((-1)/(6/(-2))). Determine a(x).
5
Suppose -3*z = -5*z + 406. Suppose 0 = -7*t + 42 + z. Suppose t = 5*c - 12*c. Let m(j) = -j**3 - 6*j**2 - 4*j - 6. Give m(c).
-11
Let w = -114 + 116. Let n(g) be the first derivative of g**w - 2*g**2 + 0 + 10 + 4*g - 8*g. What is n(4)?
-12
Let c(v) = -v**3 + 26*v**2 - 2*v + 15. Let a(g) = -g**3 + 11*g**2 - g + 6. Let y(k) = -5*a(k) + 2*c(k). What is y(2)?
14
Let o(g) = -16*g + 15*g - 3*g**2 + 16*g**3 + 6*g**3 + 54 - 52. Give o(1).
20
Suppose 5*v + z = 170, 2*v = 7*v + 2*z - 165. Let q be 1 + 7/(42/(-4))*-9. Suppose q = -4*x + v. Let d(r) = -r**2 + 7*r + 1. Calculate d(x).
1
Let o(t) = -t. Suppose 72*p + 21 = 71*p. Let l(w) = -w**2 - 9*w - 8. Let f be l(-7). Let d be 4/f + (-7)/p. Calculate o(d).
-1
Let m(f) = 3745 - 1902 - 1862 - 7*f - 4*f**2. Determine m(-6).
-121
Let o(t) = t - 12. Let j(z) = 1. Let p(u) = -22*j(u) - 2*o(u). Let s(g) = -g**3 + 8*g**2 + 12*g + 74. Let y be s(10). Calculate p(y).
14
Let k(x) be the third derivative of -x**6/120 - 3*x**5/20 - 2*x**4/3 - 7*x**3/2 - 40*x**2 + 14*x. Determine k(-7).
-7
Let o(w) = 1531 + 29*w**2 - 1442 - 15*w**2 - 9*w**2 + 124*w. What is o(-24)?
-7
Let l(c) = 0 - 1 - 2 + 1 - 6*c. Let w be (-6)/39 - 252/(-117). What is l(w)?
-14
Let f(h) = h**3 - 6*h**2 - 7*h + 9. Let t(q) = -2*q**2 - 62*q + 40. Let z be t(-30). Suppose 9 - z = -13*s. Give f(s).
9
Suppose -23790 + 23950 = -10*r. Let b(w) = -7*w**2 - 109*w + 38. Calculate b(r).
-10
Let m(i) = -4*i**2 - 19399 - 5*i + 19394 + 3*i**2. Calculate m(0).
-5
Let u(o) = o**3 - 4*o**2 - 13*o - 4. Let h = -8786 + 8792. Calculate u(h).
-10
Let v(k) = 3*k - 42. Suppose 96 = 3*i + 4*u + 51, 4*i - 35 = 3*u. Let m be v(i). Let f(o) = o**2 + 9*o + 9. Calculate f(m).
9
Let n(j) = -1347*j**2 + 691*j**2 + 673*j**2. Suppose -3 + 6 = 3*l. Give n(l).
17
Let k(q) = -q**2 + q. Let o be 552/132 - (-4)/(-22). Let y(r) = r**3 - 10*r**2 + 7*r + 5. Let w(g) = o*k(g) - y(g). Let b = 11 - 6. Determine w(b).
5
Let p = -1747 - -1747. Let y(m) be the third derivative of -5/6*m**3 + 0 + p*m - m**2 - 1/12*m**4. Calculate y(-6).
7
Let p(u) be the second derivative of u**5/20 + 3*u**4/4 + 7*u**3/3 + 28*u**2 - 5328*u. Determine p(-8).
8
Suppose 558 = 573*m - 387*m. Let f(d) be the second derivative of 21*d - 1/12*d**4 + 0 - 5/6*d**m + 3*d**2. What is f(-6)?
0
Suppose -5*l + 10*l - 2*z = 294, -3*z = 6. Let p(i) = 54*i**2 - l*i**2 + i - 4*i + i**3 - 1. Give p(4).
-13
Let k(x) = -101*x + 40 - 81 - 6*x**2 + 92*x + 32. Determine k(-4).
-69
Let b(h) be the first derivative of -h**5/20 - h**4/4 + h**3/6 + h**2 + 70*h - 32. Let w(n) be the first derivative of b(n). Determine w(-3).
-1
Suppose 6*u = 55 + 5. Let j be (u/3)/(4/(-6)). Let i(y) = y**3 + y**2 + 9*y - 4. Let f(x) = 2*x**2 - x - 1. Let w(z) = -3*f(z) - i(z). Calculate w(j).
-13
Let w(i) = -i + 16. Let p(d) = 11*d + 2. Let f = -13 - -16. Let z be p(f). Let v be (-3 - z/(-15))*63/(-6). Calculate w(v).
9
Let y(q) be the second derivative of 0*q**3 - 35*q + 4*q**2 + 1/12*q**4 + 0. Determine y(0).
8
Let d(o) = -22*o**2 + 2*o - o**3 + 63*o**2 + 9 - 5 - 21*o**2 - 24*o**2. Give d(-3).
-11
Suppose -3*u - 32 = 4*c, 58*c - 60*c = u + 14. Let n(m) = -2